14*j + 14. Let q(p) = -p**2 - 13*p - 13. Suppose -2*w - 8 = 2*n, -4 = -2*w - 2*w. Let l(m) = n*q(m) - 4*z(m). Determine l(-6).
-9
Let n be 3/((-3)/(3*-5)). Suppose -5*q + 2 = -2*a + 8, n = 5*a + 4*q. Let v(h) = -h**3 + h**2 + 3*h + 4. Determine v(a).
-5
Let j = 4 - 3. Suppose 3*m = -5*v + 17, 4*m + v - 9 = 2*m. Let p(h) = 5*h + 2*h - m*h + 4*h. What is p(j)?
7
Let b be (1 + 21/(-6))*(-8)/(-10). Let v(a) = 2*a**3 + 3*a**2 - a - 2. Give v(b).
-4
Suppose 2 = 4*g + 5*r - 11, 3*r - 27 = 4*g. Let j be (6/4)/(g/4). Let h(i) = i**3 + 2*i**2 + 2*i - 2. Determine h(j).
-6
Let l(x) = -x**3 + 3*x**2 - 1. Let q be (-2)/(-14) - (-65)/35. Let k = q + -1. What is l(k)?
1
Let f(y) = -y**2 + 10*y - 9. Let p(n) = n - 1. Let k(s) = 2*s - 2. Let d(z) = 4*k(z) - 7*p(z). Let v(o) = 2*d(o) - f(o). What is v(6)?
-5
Let x(w) = 3*w**2 - 2*w + 1. Let k = 42 + -39. Calculate x(k).
22
Let l be (9/27)/(1/45). Let o(t) = l + t**2 - 2*t**3 + t**3 - 17 + 3*t. Determine o(2).
0
Let p = 19 + -23. Let f(n) = 20*n - 29. Let v(b) = -7*b + 10. Let o(c) = 6*f(c) + 17*v(c). What is o(p)?
-8
Let h(d) = d**3 - 16*d**2 + 16*d - 9. Let g be h(15). Let u(n) = n**2 - 6*n - 4. Give u(g).
-4
Let g(d) = 9*d**2 + 11*d - 11. Let i(n) = 4*n**2 + 5*n - 5. Let m(z) = -6*g(z) + 13*i(z). Let x = 11 + -13. Calculate m(x).
-5
Let m(x) be the second derivative of 0 - 1/12*x**4 + 1/6*x**3 + 2*x - 3/2*x**2 - 1/20*x**5. What is m(0)?
-3
Let m(x) = -x**2 - x + 8. Suppose -5*j + 7 - 37 = 0. Determine m(j).
-22
Let b(t) = -t**3 + 11*t**2 - 9*t - 13. Let z be (3/(-6)*2)/(2/(-20)). Calculate b(z).
-3
Let v(u) = -u**3 - 5*u**2 - 3*u - 2. Let c = -9 - -7. Let t(n) = -n**3 - 3*n**2 + 2. Let o be t(c). Determine v(o).
-8
Let m(g) = -g**3 - 16*g**2 - 15*g + 7. Let d be m(-15). Let t(h) = -h**2 + 5*h + 8. What is t(d)?
-6
Let x(k) be the third derivative of k**5/60 - k**4/3 + k**3/2 + 5*k**2. Determine x(3).
-12
Let v(c) be the second derivative of -c**4/12 - c**2 + 3*c. Suppose -2*y + 3 = -3*y. Give v(y).
-11
Let l(y) = 206*y - 210*y + 0*y**2 - y**2 + 0*y**2. Calculate l(-3).
3
Let w(r) = 36 - r**2 - 8*r**3 - 35 + r - 3*r**3. Calculate w(-1).
10
Let k(h) = h**3 - 3*h**2 - 2*h. Let c(s) = s**3 - 4*s**2 - 10*s - 8. Let q be c(6). What is k(q)?
8
Suppose -g + 3*k = -2*g - 17, 2*k + 10 = 0. Let l(x) = -x**2 - 2*x - 1. Give l(g).
-1
Let l be 0 + 13 + -2 - 3. Let c = l + -7. Let k(d) = 4*d - 6*d - 1 + d**2 + 3*d. What is k(c)?
1
Let l(j) = j + 1 - 5*j**2 + 25*j**3 + 2*j**2 - 26*j**3. Calculate l(-3).
-2
Let c(l) = -l**2 - 6*l - 3. Let f(w) = -w + 4. Let d be f(4). Suppose d = -2*m - m + 27. Let h be (-2)/4*(1 + m). Determine c(h).
2
Let a(p) = 11*p**2 - p. Let d(q) = -q**2 - q + 1. Let u(k) = a(k) - d(k). What is u(-1)?
11
Let d = 69 + -64. Let q(a) = 6*a + 3*a**2 - a**2 - 6 - 3*a**2. What is q(d)?
-1
Let f be 5 + (2 - 5 - -1). Suppose 0 = f*o - 0*o + 4*d + 19, o + 3*d + 8 = 0. Let p be 6*o/(30/4). Let i(k) = -2*k - 5. Give i(p).
3
Let l(p) = p**3 + 9*p**2 - p - 9. Let s be 8/(-36)*-6 + (-62)/6. What is l(s)?
0
Suppose 5*p = -5*v - 15, -5*p - 3*v + 0 = 5. Let j(r) = 3*r**3 - r**2 - r - 4. Let y(o) = -2*o**3 + o**2 + o + 2. Let d(i) = -3*j(i) - 5*y(i). Calculate d(p).
-2
Suppose 5*d - 5 = 3*q, 0 = 4*q - 2*d + 3*d - 1. Let p = q - 0. Suppose p*f = -f - 5. Let r(u) = u - 2. What is r(f)?
-7
Let c(z) be the third derivative of -z**4/6 + z**3/3 - 2*z**2. Suppose -4 - 4 = -4*r. Calculate c(r).
-6
Let z(g) = -g**2 + 6*g + 4. Let t be z(5). Let x(l) = l**2 - 8*l + 4 - 6 - 9. Let n be x(t). Let h(c) = -3*c + 2. Give h(n).
8
Let o(x) = 13*x**2 + 3*x**3 + 4*x + 4 - 2*x**3 - 8*x**2. Give o(-3).
10
Let b(z) be the first derivative of -z**2/2 - z + 2. Suppose 39 = -2*g - 2*g - 3*j, 0 = -3*g - j - 33. Let c be ((-2)/(-3))/((-2)/g). Calculate b(c).
-5
Let x(y) = -53 + y + 106 + 2*y**2 - 54. What is x(2)?
9
Let g(h) = 2 - 1 - 2 - h. Let v = -3 + 5. Let p be (-6 + v)/(1 - 0). What is g(p)?
3
Let k be 2 + -1 - (13 - 8). Let n(p) = -4*p - 4*p + 6*p - 6. Determine n(k).
2
Let f(a) = a + 12. Let i be f(-5). Let o = -11 + i. Let g(y) be the third derivative of y**6/120 + y**5/15 - 2*y**3/3 + 9*y**2. Give g(o).
-4
Let y be (-36)/(-30)*10/4. Let f be -2 + y + 6/2. Suppose -f*j = -j. Let v(m) = m**2 - 2. Determine v(j).
-2
Let h = 34 - 27. Let o(g) be the second derivative of -g**4/12 + 3*g**3/2 - 3*g**2 + 5*g. Determine o(h).
8
Let m be ((-6)/(-4))/(4/8). Suppose 3*w - 9 = m*p, -4*p = -0*p - 8. Let t(d) be the first derivative of d**4/4 - 2*d**3 + 5*d**2/2 - 2*d + 2. Calculate t(w).
-2
Let i(p) be the second derivative of -p**5/20 + p**4/6 + p**3/6 + p**2/2 + p. Let n = -11 + 14. What is i(n)?
-5
Suppose -3*w = -1 - 8. Let u(x) = -2 + x + w*x - 3*x. Let r(a) = -a**3 - 3*a**2 + 2. Let y be r(-3). Give u(y).
0
Let u(z) be the second derivative of -z**5/5 - z**4/6 + z**2/2 - 39*z. What is u(-1)?
3
Let i(l) = l**2 - 11*l - 1 + 2 + 8*l + 10*l. Calculate i(-6).
-5
Let y(q) = q**2 + 5*q + 2. Let o(l) = -4*l**3 - 3*l**2 + 4. Let h(s) = s**3 - s**2. Let n(x) = -3*h(x) - o(x). Let t be n(-6). Determine y(t).
-2
Let y be (-12)/(-18)*(-30)/(-4). Let k(f) be the first derivative of 1/2*f**2 - y*f + 5/3*f**3 - 2 - 1/4*f**4. Calculate k(5).
0
Suppose 3*m - 4 - 4 = -5*i, -4*m + 3*i + 1 = 0. Let b(v) be the third derivative of -2*v**6/15 - v**5/60 + v**4/24 - 6*v**2. Give b(m).
-16
Let u(l) = 3*l**3 - 9*l**2 - 3*l + 1. Let b(x) = 4*x**3 - 10*x**2 - 3*x + 1. Let f = 5 + -9. Let r(i) = f*b(i) + 5*u(i). Suppose -7*z = -z + 24. Determine r(z).
-3
Let a(k) = 76*k. Let i(d) = 11*d. Let q(o) = -3*a(o) + 20*i(o). What is q(1)?
-8
Suppose n + 3*p = -4, -4*n + 2*p + 6 = 3*p. Let u(v) = n*v**2 - 7 + 7 - v**2. What is u(-1)?
1
Let p(a) = a - 19. Let t(b) = b**2 + 2*b. Let z be t(-2). Give p(z).
-19
Let o(q) be the first derivative of 0*q - q**2 - 1/6*q**3 + 1/24*q**4 + 3 + 1/60*q**5. Let w(n) be the second derivative of o(n). What is w(1)?
1
Let l(x) = -x + 12. Suppose 3*h = 2*h + 2. Suppose 0 = -s - h*t - 1, 0 = 4*s - 3*t - 16 - 13. What is l(s)?
7
Let d(j) = 2*j + 7. Let g(i) = 6*i + 0*i + 5*i**2 - i**2 - 3*i**2. Let u be g(-5). Give d(u).
-3
Let p(t) = -t**3 + 4*t**2 + 5*t + 6. Let c be p(5). Suppose -c = -n - 0*n. Let q(x) = x**2 - 6*x + 3. Determine q(n).
3
Let u(o) = o - 5. Let x = 8 - 8. What is u(x)?
-5
Suppose 5*g - 4 = 3*f + 1, -2*g = -2. Suppose 0 = 2*t - 3*m - 9, 5*t + f = 2*m + 17. Let l(w) = -w**3 + w**2 + 4*w + 1. Give l(t).
-5
Let r(s) be the second derivative of -s**5/20 + 5*s**4/12 + s**3/6 - s. Suppose a - 4*m = -15, 3*a - 35 = -5*m + 5. What is r(a)?
5
Let s(o) = -10*o - 3. Let z(i) = i + 1. Let k be z(-3). Give s(k).
17
Suppose -2*k - n = 6, 2*n + 6 = -0*k + 2*k. Let b(p) = -19*p + 1. Let h be b(k). Suppose -h = -3*z - 2*z. Let v(g) = -g**3 + 3*g**2 + 4*g. Determine v(z).
0
Suppose -2 = g + 6. Let y = 11 + g. Let a(k) = -2*k**3 - 2*k - 2 + y + 2*k**2 + 3*k**3. Give a(1).
2
Suppose 10 = -5*z - 5. Let d(a) = -a**2 - 9*a - 1. Let q(i) = -2*i**2 - 19*i - 1. Let s(f) = z*q(f) + 7*d(f). Determine s(-4).
4
Let p(u) = u**2 - 6*u - 1. Suppose 4*y + 4*s = 24, 3 + 3 = y + 4*s. Give p(y).
-1
Let i be (-99)/(-21) - 8/(-28). Let h(s) be the third derivative of 0*s**3 - s**2 + 0*s + 0*s**4 + 1/20*s**i + 0. What is h(1)?
3
Let g(p) = p**3 + 3*p**2 + 2*p + 2. Suppose -4 = -2*d + 2. Let s be ((-1)/d)/((-2)/(-6)). Let j = -1 + s. What is g(j)?
2
Let n(u) = -u - 5. Suppose -5*r - 50 = 5*l, -r + 3*r = 3*l. Determine n(r).
1
Let t(j) = -j**2 + 2*j + 3. Let z(a) be the third derivative of a**5/20 - a**4/4 - 4*a**3/3 - a**2. Let b(p) = 8*t(p) + 3*z(p). Let x = 4 + -2. Give b(x).
0
Suppose 5*s + 43 = 3*t, -3*t - 2*s + 3*s + 23 = 0. Let g(o) = -o + 5. Let d(i) = -i + 5. Let u(k) = t*g(k) - 5*d(k). Determine u(0).
5
Suppose -10 = 5*v - 0. Let j(d) be the third derivative of -d**4/8 + d**3/6 - 2*d**2 - 24. Give j(v).
7
Let u be (-8)/3 - 4/12. Let d be 2 - 4/16*4. Let x(w) = 2*w**2 - 5*w + 3. Let v(n) = n**2 - n + 1. Let g(q) = d*x(q) + u*v(q). Determine g(-1).
1
Let q(c) = -2*c + 5. Suppose 0 = -0*h - 4*h + 4. Let r(v) = v - 1. Let n(w) = h*q(w) + 3*r(w). Give n(-6).
-4
Let r(k) be the first derivative of k**4/4 - 8*k**3/3 + 7*k**2/2 + 3*k + 2. Give r(7).
3
Let x(u) = 2*u**3 + 4*u**2 + u. Let h(s) = s**3 + 4*s**2 + 2*s. Let k(n) = 3*h(n) - 2*x(n). Let r = 6 - 2. Suppose -r*f =